{"id":88,"date":"2013-11-21T10:19:43","date_gmt":"2013-11-21T09:19:43","guid":{"rendered":"http:\/\/hak-weiden.de\/?page_id=88"},"modified":"2025-11-19T14:29:13","modified_gmt":"2025-11-19T13:29:13","slug":"gesamtregister-oberpfaelzer-heimat","status":"publish","type":"page","link":"https:\/\/hak-weiden.de\/?page_id=88","title":{"rendered":"Gesamtregister Oberpf\u00e4lzer Heimat"},"content":{"rendered":"<p><a href=\"http:\/\/hak-weiden.de\/wp-content\/uploads\/OH-70-Titel.jpg\"><img loading=\"lazy\" class=\"alignright wp-image-522 size-medium\" src=\"http:\/\/hak-weiden.de\/wp-content\/uploads\/OH-70-Titel.jpg\" alt=\"\" width=\"211\" height=\"300\"><\/a><\/p>\n<p>Dank Schriftleiter Adalbert Busl k\u00f6nnen Sie hier ein Stichwortverzeichnis f\u00fcr alle bisher erschienenen Ausgaben der Oberpf\u00e4lzer Heimat herunterladen.<\/p>\n<p>Dieses wird Ihnen in PDF-Form zur Verf\u00fcgung gestellt, welches Sie auch \u00fcber den Men\u00fcbefehl <em>Bearbeiten &gt; Suchen<\/em> gezielt nach Schlagworten durchsuchen.<\/p>\n<p><a href=\"..\/..\/wp-content\/uploads\/Register-70.pdf\" target=\"_blank\" rel=\"noopener noreferrer\"><img loading=\"lazy\" class=\"alignleft size-full wp-image-163 icon\" src=\"http:\/\/hak-weiden.de\/wp-content\/uploads\/pdf_icon.png\" alt=\"pdf_icon\" width=\"32\" height=\"32\"><\/a><br \/>\n<a href=\"http:\/\/hak-weiden.de\/wp-content\/uploads\/Register-70.pdf\" target=\"_blank\" rel=\"noopener noreferrer\"><strong><em>Gesamtregister Oberpf\u00e4lzer Heimat<br \/>\n(Ausgabe 1 &#8211; 70) herunterladen<\/em><\/strong><\/a><\/p>\n<p>&nbsp;<\/p>\n<h1><span style=\"color: #00a8c7; font-weight: normal;\">Gesamtinhaltsverzeichnis Oberpf\u00e4lzer Heimat<\/span><\/h1>\n<p><a href=\"http:\/\/www.familienforschung-kunz-weiden.de\/\" target=\"_blank\" rel=\"noopener noreferrer\"><img class=\" wp-image-186 alignright\" src=\"http:\/\/hak-weiden.de\/wp-content\/uploads\/kunz-211x300.jpg\" alt=\"kunz\" width=\"150\" srcset=\"https:\/\/hak-weiden.de\/wp-content\/uploads\/kunz-211x300.jpg 211w, https:\/\/hak-weiden.de\/wp-content\/uploads\/kunz.jpg 612w\" sizes=\"(max-width: 211px) 100vw, 211px\" \/><\/a> <span style=\"line-height: 1.714285714; font-size: 1rem;\">Der Familienforscher Alfred Kunz (<\/span><a style=\"line-height: 1.714285714; font-size: 1rem;\" href=\"http:\/\/www.familienforschung-kunz.de\/\" target=\"_blank\" rel=\"noopener noreferrer\">http:\/\/www.familienforschung-kunz.de\/<\/a><span style=\"line-height: 1.714285714; font-size: 1rem;\">) hat uns ein Gesamtinhaltsverzeichnis der Oberpf\u00e4lzer Heimat zur Verf\u00fcgung gestellt. Auf diesem Wege m\u00f6chten wir uns herzlich bei ihm bedanken und hoffen, Ihnen die Suche nach bestimmten Themen zus\u00e4tzlich zu erleichtern.<\/span><\/p>\n<p>Dieses wird Ihnen in PDF-Form zur Verf\u00fcgung gestellt, welches Sie auch \u00fcber den Men\u00fcbefehl <em>Bearbeiten &gt; Suchen<\/em> gezielt nach Schlagworten durchsuchen.<\/p>\n<p><a href=\" ..\/..\/wp-content\/uploads\/OH-Inhalt2026.pdf\" target=\"_blank\" rel=\"noopener noreferrer\"><img loading=\"lazy\" class=\"alignleft size-full wp-image-163 icon\" src=\"http:\/\/hak-weiden.de\/wp-content\/uploads\/pdf_icon.png\" alt=\"pdf_icon\" width=\"32\" height=\"32\"><\/a><br \/>\n<a href=\"http:\/\/hak-weiden.de\/wp-content\/uploads\/OH-Inhalt2026.pdf\" target=\"_blank\" rel=\"noopener noreferrer\"><strong><em>Gesamtinhaltsverzeichnis Oberpf\u00e4lzer<br \/>\nHeimat herunterladen<\/em><\/strong><\/a><\/p>\n","protected":false},"excerpt":{"rendered":"<p>Dank Schriftleiter Adalbert Busl k\u00f6nnen Sie hier ein Stichwortverzeichnis f\u00fcr alle bisher erschienenen Ausgaben der Oberpf\u00e4lzer Heimat herunterladen. Dieses wird Ihnen in PDF-Form zur Verf\u00fcgung gestellt, welches Sie auch \u00fcber den Men\u00fcbefehl Bearbeiten &gt; Suchen gezielt nach Schlagworten durchsuchen. Gesamtregister Oberpf\u00e4lzer Heimat (Ausgabe 1 &#8211; 70) herunterladen &nbsp; Gesamtinhaltsverzeichnis Oberpf\u00e4lzer Heimat Der Familienforscher Alfred Kunz [&hellip;]<\/p>\n","protected":false},"author":1,"featured_media":0,"parent":17,"menu_order":3,"comment_status":"closed","ping_status":"closed","template":"","meta":{"ngg_post_thumbnail":0},"_links":{"self":[{"href":"https:\/\/hak-weiden.de\/index.php?rest_route=\/wp\/v2\/pages\/88"}],"collection":[{"href":"https:\/\/hak-weiden.de\/index.php?rest_route=\/wp\/v2\/pages"}],"about":[{"href":"https:\/\/hak-weiden.de\/index.php?rest_route=\/wp\/v2\/types\/page"}],"author":[{"embeddable":true,"href":"https:\/\/hak-weiden.de\/index.php?rest_route=\/wp\/v2\/users\/1"}],"replies":[{"embeddable":true,"href":"https:\/\/hak-weiden.de\/index.php?rest_route=%2Fwp%2Fv2%2Fcomments&post=88"}],"version-history":[{"count":67,"href":"https:\/\/hak-weiden.de\/index.php?rest_route=\/wp\/v2\/pages\/88\/revisions"}],"predecessor-version":[{"id":727,"href":"https:\/\/hak-weiden.de\/index.php?rest_route=\/wp\/v2\/pages\/88\/revisions\/727"}],"up":[{"embeddable":true,"href":"https:\/\/hak-weiden.de\/index.php?rest_route=\/wp\/v2\/pages\/17"}],"wp:attachment":[{"href":"https:\/\/hak-weiden.de\/index.php?rest_route=%2Fwp%2Fv2%2Fmedia&parent=88"}],"curies":[{"name":"wp","href":"https:\/\/api.w.org\/{rel}","templated":true}]}}