{"id":71,"date":"2013-11-21T10:06:24","date_gmt":"2013-11-21T09:06:24","guid":{"rendered":"http:\/\/hak-weiden.de\/?page_id=71"},"modified":"2024-10-28T11:59:58","modified_gmt":"2024-10-28T10:59:58","slug":"aufgaben","status":"publish","type":"page","link":"https:\/\/hak-weiden.de\/?page_id=71","title":{"rendered":"Aufgaben"},"content":{"rendered":"<p>Der Heimatkundliche Arbeitskreis organisiert historische und volkskundliche Vortr\u00e4ge und Fahrten zu Ausstellungen, kulturellen Sehensw\u00fcrdigkeiten und \u00e4hnlichem.<\/p>\n<p>Den Auftrag, die Bev\u00f6lkerung\u00a0f\u00fcr ihre lokale Geschichte und\u00a0Kultur zu sensibilisieren, setzt\u00a0der Heimatkundliche Arbeitskreis nicht\u00a0nur mit dem wissenschaftlichen Jahrbuch \u201eOberpf\u00e4lzer\u00a0Heimat\u201c um. Auch mit den \u201eWeidner Heimatkundlichen\u00a0Arbeiten\u201c und zahlreichen\u00a0Vortr\u00e4gen und Exkursionen zu kulturrelevanten\u00a0Themen und Orten setzt sich der\u00a0Verein unter der Leitung von Stadtarchivarin\u00a0Petra Vorsatz daf\u00fcr ein, eine regionale\u00a0Verwurzelung von klein auf einzurichten.<\/p>\n","protected":false},"excerpt":{"rendered":"<p>Der Heimatkundliche Arbeitskreis organisiert historische und volkskundliche Vortr\u00e4ge und Fahrten zu Ausstellungen, kulturellen Sehensw\u00fcrdigkeiten und \u00e4hnlichem. Den Auftrag, die Bev\u00f6lkerung\u00a0f\u00fcr ihre lokale Geschichte und\u00a0Kultur zu sensibilisieren, setzt\u00a0der Heimatkundliche Arbeitskreis nicht\u00a0nur mit dem wissenschaftlichen Jahrbuch \u201eOberpf\u00e4lzer\u00a0Heimat\u201c um. Auch mit den \u201eWeidner Heimatkundlichen\u00a0Arbeiten\u201c und zahlreichen\u00a0Vortr\u00e4gen und Exkursionen zu kulturrelevanten\u00a0Themen und Orten setzt sich der\u00a0Verein unter der Leitung [&hellip;]<\/p>\n","protected":false},"author":1,"featured_media":0,"parent":13,"menu_order":0,"comment_status":"closed","ping_status":"closed","template":"","meta":{"ngg_post_thumbnail":0},"_links":{"self":[{"href":"https:\/\/hak-weiden.de\/index.php?rest_route=\/wp\/v2\/pages\/71"}],"collection":[{"href":"https:\/\/hak-weiden.de\/index.php?rest_route=\/wp\/v2\/pages"}],"about":[{"href":"https:\/\/hak-weiden.de\/index.php?rest_route=\/wp\/v2\/types\/page"}],"author":[{"embeddable":true,"href":"https:\/\/hak-weiden.de\/index.php?rest_route=\/wp\/v2\/users\/1"}],"replies":[{"embeddable":true,"href":"https:\/\/hak-weiden.de\/index.php?rest_route=%2Fwp%2Fv2%2Fcomments&post=71"}],"version-history":[{"count":8,"href":"https:\/\/hak-weiden.de\/index.php?rest_route=\/wp\/v2\/pages\/71\/revisions"}],"predecessor-version":[{"id":679,"href":"https:\/\/hak-weiden.de\/index.php?rest_route=\/wp\/v2\/pages\/71\/revisions\/679"}],"up":[{"embeddable":true,"href":"https:\/\/hak-weiden.de\/index.php?rest_route=\/wp\/v2\/pages\/13"}],"wp:attachment":[{"href":"https:\/\/hak-weiden.de\/index.php?rest_route=%2Fwp%2Fv2%2Fmedia&parent=71"}],"curies":[{"name":"wp","href":"https:\/\/api.w.org\/{rel}","templated":true}]}}