{"id":52,"date":"2013-11-19T11:31:47","date_gmt":"2013-11-19T10:31:47","guid":{"rendered":"http:\/\/hak-weiden.de\/?page_id=52"},"modified":"2013-12-05T10:25:10","modified_gmt":"2013-12-05T09:25:10","slug":"startseite","status":"publish","type":"page","link":"https:\/\/hak-weiden.de\/","title":{"rendered":"Heimatkundlicher Arbeitskreis Weiden"},"content":{"rendered":"<p>Wir begr\u00fc\u00dfen Sie recht herzlich auf der Website des Heimatkundlichen Arbeitskreises Weiden. Neben umfassenden Informationen \u00fcber den Arbeitskreis haben Sie unter anderem Zugriff auf ein <a title=\"Gesamtregister Oberpf\u00e4lzer Heimat\" href=\"?p=88\">Gesamtregister nebst Gesamtinhaltsverzeichnis<\/a> unserer regelm\u00e4\u00dfigen Publikation &#8222;Oberpf\u00e4lzer Heimat&#8220;. Des Weiteren finden Sie bevorstehende Veranstaltungen und haben die M\u00f6glichkeit, auf aktuelle Projekte hinzuweisen.<\/p>\n<p><a href=\"?p=94\" target=\"_blank\">Kontaktieren<\/a> Sie uns gerne, falls Sie Fragen, W\u00fcnsche oder Anregungen haben.<\/p>\n","protected":false},"excerpt":{"rendered":"<p>Wir begr\u00fc\u00dfen Sie recht herzlich auf der Website des Heimatkundlichen Arbeitskreises Weiden. Neben umfassenden Informationen \u00fcber den Arbeitskreis haben Sie unter anderem Zugriff auf ein Gesamtregister nebst Gesamtinhaltsverzeichnis unserer regelm\u00e4\u00dfigen Publikation &#8222;Oberpf\u00e4lzer Heimat&#8220;. Des Weiteren finden Sie bevorstehende Veranstaltungen und haben die M\u00f6glichkeit, auf aktuelle Projekte hinzuweisen. Kontaktieren Sie uns gerne, falls Sie Fragen, W\u00fcnsche [&hellip;]<\/p>\n","protected":false},"author":1,"featured_media":0,"parent":0,"menu_order":0,"comment_status":"closed","ping_status":"closed","template":"page-templates\/home-page.php","meta":{"ngg_post_thumbnail":0},"_links":{"self":[{"href":"https:\/\/hak-weiden.de\/index.php?rest_route=\/wp\/v2\/pages\/52"}],"collection":[{"href":"https:\/\/hak-weiden.de\/index.php?rest_route=\/wp\/v2\/pages"}],"about":[{"href":"https:\/\/hak-weiden.de\/index.php?rest_route=\/wp\/v2\/types\/page"}],"author":[{"embeddable":true,"href":"https:\/\/hak-weiden.de\/index.php?rest_route=\/wp\/v2\/users\/1"}],"replies":[{"embeddable":true,"href":"https:\/\/hak-weiden.de\/index.php?rest_route=%2Fwp%2Fv2%2Fcomments&post=52"}],"version-history":[{"count":9,"href":"https:\/\/hak-weiden.de\/index.php?rest_route=\/wp\/v2\/pages\/52\/revisions"}],"predecessor-version":[{"id":281,"href":"https:\/\/hak-weiden.de\/index.php?rest_route=\/wp\/v2\/pages\/52\/revisions\/281"}],"wp:attachment":[{"href":"https:\/\/hak-weiden.de\/index.php?rest_route=%2Fwp%2Fv2%2Fmedia&parent=52"}],"curies":[{"name":"wp","href":"https:\/\/api.w.org\/{rel}","templated":true}]}}